4699199.
154699199
What are the prime factors of 512472981?
3, 41, 4166447
What are the prime factors of 818785915?
5, 379, 503, 859
List the prime factors of 1288661.
11, 193, 607
List the prime factors of 890993622.
2, 3, 29, 179, 28607
What are the prime factors of 58275216?
2, 3, 499, 811
What are the prime factors of 246699077?
587, 420271
List the prime factors of 8358157364.
2, 761, 2745781
List the prime factors of 113932113.
3, 17, 19, 117577
List the prime factors of 191267095.
5, 479, 79861
List the prime factors of 202446867.
3, 7, 257, 37511
List the prime factors of 1388057099.
11, 13, 97, 100069
What are the prime factors of 899267877?
3, 99918653
List the prime factors of 1699678847.
67, 233, 108877
List the prime factors of 77427976.
2, 37, 261581
What are the prime factors of 2966997587?
2966997587
What are the prime factors of 107237504?
2, 11, 76163
What are the prime factors of 568812357?
3, 63201373
List the prime factors of 429664024.
2, 19, 2826737
What are the prime factors of 77568195?
3, 5, 17, 331, 919
What are the prime factors of 40925695?
5, 8185139
List the prime factors of 64013295.
3, 5, 29, 31, 47, 101
What are the prime factors of 59326765?
5, 379, 31307
What are the prime factors of 245844838?
2, 19, 23, 83, 3389
List the prime factors of 30759470.
2, 5, 7, 439421
List the prime factors of 33475724.
2, 8368931
List the prime factors of 28183135.
5, 5636627
What are the prime factors of 2224741464?
2, 3, 11, 19, 16427
What are the prime factors of 770546486?
2, 3187, 120889
What are the prime factors of 110437910?
2, 5, 11, 107, 853
What are the prime factors of 358092277?
1327, 269851
List the prime factors of 869212671.
3, 503, 576019
List the prime factors of 124530467.
124530467
List the prime factors of 591491462.
2, 131, 151, 14951
List the prime factors of 2702992138.
2, 7, 11, 13187
List the prime factors of 809912004.
2, 3, 11, 389, 15773
List the prime factors of 910351550.
2, 5, 18207031
List the prime factors of 10648466.
2, 97, 131, 419
What are the prime factors of 120203892?
2, 3, 109, 10211
What are the prime factors of 2689455020?
2, 5, 7, 19210393
List the prime factors of 1815563690.
2, 5, 181556369
What are the prime factors of 215942546?
2, 4177, 25849
List the prime factors of 43316568.
2, 3, 179, 3361
List the prime factors of 749239228.
2, 3797, 49331
List the prime factors of 500781778.
2, 7, 35770127
List the prime factors of 130070447.
13, 19, 526601
What are the prime factors of 523327880?
2, 5, 13083197
List the prime factors of 194280508.
2, 48570127
List the prime factors of 943991564.
2, 193, 521, 2347
List the prime factors of 5588799328.
2, 7, 47, 530851
What are the prime factors of 636673895?
5, 11, 13, 53, 317
List the prime factors of 111069212.
2, 19, 1461437
What are the prime factors of 13715657?
13715657
What are the prime factors of 13318280?
2, 5, 233, 1429
What are the prime factors of 4426270343?
11, 19, 389, 54443
List the prime factors of 385816435.
5, 29, 2660803
What are the prime factors of 53955056?
2, 23, 146617
List the prime factors of 700626883.
11, 63693353
List the prime factors of 312174078.
2, 3, 23, 71, 151, 211
What are the prime factors of 100035659?
139, 719681
What are the prime factors of 407930339?
113, 3610003
List the prime factors of 8847193.
8847193
List the prime factors of 135092618.
2, 67546309
What are the prime factors of 51444177?
3, 383, 44773
List the prime factors of 1467951689.
223, 2459, 2677
What are the prime factors of 852550695?
3, 5, 1447, 13093
What are the prime factors of 287589661?
67, 4292383
List the prime factors of 1288491682.
2, 22861, 28181
What are the prime factors of 34994103?
3, 11664701
List the prime factors of 2257456.
2, 199, 709
What are the prime factors of 56785021?
73, 777877
List the prime factors of 38193442.
2, 7, 61, 6389
List the prime factors of 418521892.
2, 19, 23, 239429
What are the prime factors of 1845480212?
2, 461370053
List the prime factors of 78800332.
2, 13, 1515391
List the prime factors of 255383415.
3, 5, 7, 53, 5099
List the prime factors of 441190902.
2, 3, 17, 4325401
What are the prime factors of 36860509?
7, 5265787
List the prime factors of 2214596193.
3, 23, 1867, 17191
What are the prime factors of 362786063?
4663, 77801
What are the prime factors of 1010682660?
2, 3, 5, 13, 1295747
List the prime factors of 4016613459.
3, 1338871153
List the prime factors of 460064668.
2, 7, 1201, 13681
What are the prime factors of 251767229?
7, 17, 137, 15443
List the prime factors of 2771696557.
7, 139, 2848609
What are the prime factors of 23590499?
67, 352097
List the prime factors of 552981691.
552981691
List the prime factors of 7471235003.
383, 4099, 4759
List the prime factors of 492703843.
17, 113, 256483
List the prime factors of 201485075.
5, 11, 732673
What are the prime factors of 255421802?
2, 127710901
What are the prime factors of 38961176?
2, 283, 17209
What are the prime factors of 30586355?
5, 821, 7451
List the prime factors of 18595143.
3, 7, 98387
List the prime factors of 338534078.
2, 169267039
What are the prime factors of 47420927?
563, 84229
What are the prime factors of 2877542426?
2, 11, 130797383
What are the prime factors of 22147952?
2, 1384247
What are the prime factors of 31766588?
2, 7, 23, 107, 461
List the prime factors of 333459577.
11, 37, 819311
List the prime factors of 197861954.
2, 29, 229, 14897
What are the prime factors of 62496691?
62496691
List the prime factors of 4066735688.
2, 12161, 41801
What are the prime factors of 32423426?
2, 7, 2315959
List the prime factors of 429576212.
2, 13, 967, 8543
What are the prime factors of 158586883?
7, 13, 47, 5297
What are the prime factors of 70347575?
5, 2813903
What are the prime factors of 160972496?
2, 37, 7349
List the prime factors of 38535458.
2, 13, 19, 78007
What are the prime factors of 45326184?
2, 3, 37, 51043
List the prime factors of 345171338.
2, 101, 1708769
What are the prime factors of 7464472770?
2, 3, 5, 43, 5786413
What are the prime factors of 66869731?
1409, 47459
List the prime factors of 580420464.
2, 3, 13, 67, 13883
List the prime factors of 405929553.
3, 17, 23, 37, 47, 199
What are the prime factors of 16310522?
2, 8155261
What are the prime factors of 112611385?
5, 19, 1185383
List the prime factors of 38757250.
2, 5, 7, 22147
What are the prime factors of 1197905340?
2, 3, 5, 17, 37, 31741
List the prime factors of 1906605201.
3, 83, 7657049
List the prime factors of 10671689.
7, 461, 3307
What are the prime factors of 509533751?
509533751
List the prime factors of 288312147.
3, 47, 681589
What are the prime factors of 123941538?
2, 3, 7, 47, 20929
What are the prime factors of 1997754966?
2, 3, 17, 193, 33827
What are the prime factors of 710006442?
2, 3, 118334407
What are the prime factors of 20324047?
149, 136403
What are the prime factors of 841587710?
2, 5, 19, 23, 192583
What are the prime factors of 9274473?
3, 13, 26423
List the prime factors of 6425981363.
5197, 1236479
List the prime factors of 86062607.
86062607
What are the prime factors of 977971705?
5, 19, 521, 19759
List the prime factors of 228294666.
2, 3, 17, 431, 577
What are the prime factors of 13031044?
2, 13, 17, 14741
What are the prime factors of 88820788?
2, 7, 47, 67493
List the prime factors of 68246836.
2, 7, 79, 30853
What are the prime factors of 904233607?
904233607
What are the prime factors of 425795278?
2, 47, 601, 7537
What are the prime factors of 2487300117?
3, 701, 1182739
What are the prime factors of 29094931?
23, 1264997
What are the prime factors of 28458912?
2, 3, 23, 12889
List the prime factors of 186790097.
13, 31, 37, 12527
List the prime factors of 5155072463.
73, 2531, 27901
List the prime factors of 308501491.
31, 1277, 7793
List the prime factors of 5573798.
2, 53, 52583
List the prime factors of 12320413.
7, 251437
What are the prime factors of 4410655547?
73, 60419939
What are the prime factors of 727516800?
2, 3, 5, 25261
List the prime factors of 857538772.
2, 1117, 191929
List the prime factors of 2539987385.
5, 13, 39076729
List the prime factors of 418510060.
2, 5, 211, 99173
List the prime factors of 165985616.
2, 10374101
What are the prime factors of 2